NOAA-Style Climate Reports


Report for 2017 June
                   MONTHLY CLIMATOLOGICAL SUMMARY for JUN 2017


NAME: CW6259                CITY: Maple Leaf, Seattle   STATE:  Washington         
ELEV: 461 ft    LAT: 47.7 N    LONG: 122.3 W


                   TEMPERATURE (F), RAIN (in), WIND SPEED (mph)

                                         HEAT   COOL         AVG
      MEAN                               DEG    DEG          WIND                  DOM
DAY   TEMP   HIGH  TIME    LOW   TIME    DAYS   DAYS   RAIN  SPEED   HIGH  TIME    DIR
---------------------------------------------------------------------------------------
01    60.1   68.6  13:18   55.6  05:15    2.9    0.0   0.04   1.3    21.0  15:45   SSW
02    61.6   73.3  15:43   54.0  03:43    1.3    0.0   0.00   0.8    14.0  12:05   SSW
03    57.2   64.6  16:38   51.7  23:09    6.8    0.0   0.00   0.3    10.0  17:19   WNW
04    56.2   67.4  15:22   49.4  23:58    6.6    0.0   0.00   0.3    11.0  15:50   N
05    58.7   72.7  15:46   44.8  05:05    6.3    0.0   0.00   0.6    11.0  13:45   N
06    66.4   83.1  16:19   50.9  05:20    0.0    2.0   0.00   0.5    10.0  15:00   N
07    67.2   81.0  15:20   56.4  06:08    0.0    3.7   0.00   0.7    13.0  22:35   WSW
08    57.0   63.7  15:01   52.6  23:50    6.8    0.0   0.30   1.6    22.0  15:55   SSW
09    55.2   65.5  13:39   47.6  05:20    8.5    0.0   0.00   0.8    17.0  14:50   SSW
10    56.0   66.1  15:54   46.4  05:44    8.8    0.0   0.00   0.8    12.0  12:25   WSW
11    58.8   70.6  16:24   49.4  05:48    5.0    0.0   0.00   0.7    12.0  12:00   NNE
12    56.1   65.3  15:35   51.1  03:12    6.8    0.0   0.00   0.5    12.0  20:25   SSW
13    54.4   63.0  16:35   49.1  07:55    9.0    0.0   0.05   0.3    10.0  17:25   SSW
14    56.6   65.6  15:47   50.7  03:41    6.8    0.0   0.00   0.7    12.0  16:10   SSW
15    56.1   59.7  15:51   52.5  05:45    8.9    0.0   0.55   0.8    14.0  21:00   S
16    58.5   68.5  16:07   50.5  23:58    5.5    0.0   0.00   1.1    14.0  10:55   SSW
17    56.1   64.7  13:15   49.1  03:42    8.1    0.0   0.00   0.5    14.0  12:55   S
18    59.6   67.6  19:14   53.9  01:35    4.2    0.0   0.01   0.2     8.0  04:25   E
19    62.1   71.9  14:20   55.0  05:03    1.5    0.0   0.00   0.5    11.0  14:40   NW
20    59.5   63.9  16:13   52.1  23:10    7.0    0.0   0.02   0.5    10.0  07:30   NNE
21    57.5   68.6  16:10   50.8  02:14    5.3    0.0   0.00   0.7    15.0  15:00   NNE
---------------------------------------------------------------------------------------
      58.6   83.1     6    44.8     5   116.2    5.7   0.97   0.7    22.0     8    SSW

Max >=  90.0:  0
Max <=  32.0:  0
Min <=  32.0:  0
Min <=   0.0:  0
Max Rain    :  0.55 in ON 06/15/2017
Days of Rain: 5 (> 0.01 in) 2 (> 0.10 in) 0 (> 1.00 in)