NOAA-Style Climate Reports


Report for 2019 July
                   MONTHLY CLIMATOLOGICAL SUMMARY for JUL 2019


NAME: CW6259                CITY: Maple Leaf, Seattle   STATE:  Washington         
ELEV: 461 ft    LAT: 47.7 N    LONG: 122.3 W


                   TEMPERATURE (F), RAIN (in), WIND SPEED (mph)

                                         HEAT   COOL         AVG
      MEAN                               DEG    DEG          WIND                  DOM
DAY   TEMP   HIGH  TIME    LOW   TIME    DAYS   DAYS   RAIN  SPEED   HIGH  TIME    DIR
---------------------------------------------------------------------------------------
01    67.3   81.1  14:57   54.8  05:07    0.0    2.9   0.00   0.6    11.0  15:45   NNW
02    57.1   59.3  00:00   56.0  16:19    7.3    0.0   0.21   0.5    13.0  11:25   SSW
03    59.7   68.7  19:10   55.7  05:31    2.8    0.0   0.03   0.3     8.0  14:50   SW
04    61.3   72.8  16:39   54.4  03:14    1.4    0.0   0.00   0.6    11.0  13:35   WSW
05    61.0   68.6  16:16   54.8  03:16    3.3    0.0   0.03   0.4    12.0  14:35   W
06    62.0   70.6  13:55   54.6  04:58    2.4    0.0   0.00   0.6    12.0  13:25   WSW
07    60.8   66.9  14:55   57.4  06:20    2.8    0.0   0.31   0.5    12.0  12:55   ENE
08    63.2   76.1  16:31   55.9  05:08    0.0    1.0   0.14   0.3    12.0  14:10   NNE
09    64.3   73.9  14:03   55.2  05:04    0.4    0.0   0.14   0.3     8.0  14:25   SSW
10    63.4   67.6  13:50   60.4  04:11    1.0    0.0   0.30   1.3    17.0  14:10   S
11    65.4   74.9  15:30   59.8  04:51    0.0    2.3   0.00   0.5    11.0  10:34   SW
12    66.6   78.1  14:27   57.3  05:16    0.0    2.7   0.00   0.6    11.0  14:30   W
13    65.9   78.6  15:37   57.5  03:16    0.0    3.0   0.00   0.5    13.0  17:05   NE
14    66.2   78.1  16:24   56.9  05:45    0.0    2.5   0.00   0.6     9.0  16:35   NE
15    64.4   70.5  17:20   59.5  05:06    0.0    0.0   0.00   0.5    10.0  14:40   SW
16    67.8   79.9  15:43   60.6  04:39    0.0    5.2   0.00   0.4    12.0  16:15   NE
17    62.5   68.3  13:55   57.0  23:56    2.3    0.0   0.09   1.5    20.0  19:05   SSW
18    59.9   70.5  14:45   53.6  23:55    3.0    0.0   0.72   0.6    10.0  10:50   NE
---------------------------------------------------------------------------------------
      63.3   81.1     1    53.6    18    26.8   19.8   1.97   0.6    20.0    17    SW

Max >=  90.0:  0
Max <=  32.0:  0
Min <=  32.0:  0
Min <=   0.0:  0
Max Rain    :  0.72 in ON 07/18/2019
Days of Rain: 9 (> 0.01 in) 6 (> 0.10 in) 0 (> 1.00 in)