NOAA-Style Climate Reports


Report for 2019 February
                   MONTHLY CLIMATOLOGICAL SUMMARY for FEB 2019


NAME: CW6259                CITY: Maple Leaf, Seattle   STATE:  Washington         
ELEV: 461 ft    LAT: 47.7 N    LONG: 122.3 W


                   TEMPERATURE (F), RAIN (in), WIND SPEED (mph)

                                         HEAT   COOL         AVG
      MEAN                               DEG    DEG          WIND                  DOM
DAY   TEMP   HIGH  TIME    LOW   TIME    DAYS   DAYS   RAIN  SPEED   HIGH  TIME    DIR
---------------------------------------------------------------------------------------
01    46.3   48.5  15:28   43.7  09:44   18.9    0.0   0.59   0.7    19.0  13:05   SSW
02    43.6   47.1  10:33   39.3  20:15   21.8    0.0   0.00   0.6    11.0  12:30   W
03    35.6   40.9  12:07   30.1  20:15   29.5    0.0   0.04   0.6    14.0  09:05   SW
04    25.0   30.8  00:05   22.0  23:44   38.6    0.0   0.00   1.9    24.0  12:45   NW
05    25.7   33.0  13:43   19.6  07:36   38.7    0.0   0.14   0.4    11.0  13:25   N
06    27.6   37.8  14:05   20.2  06:53   36.0    0.0   0.07   0.2     7.0  12:58   NE
07    29.5   38.1  14:54   22.8  05:06   34.5    0.0   0.02   0.1     7.0  12:05   N
08    31.7   35.9  11:45   28.4  23:27   32.8    0.0   0.01   0.1     7.0  11:20   NE
09    28.9   31.7  14:18   25.6  23:50   36.3    0.0   0.00   0.4    11.0  15:30   NW
10    27.6   32.9  20:40   20.6  06:06   38.2    0.0   0.00   0.3    12.0  14:00   ENE
11    30.9   33.9  23:35   26.7  03:54   34.7    0.0   0.00   0.2    11.0  23:34   ENE
12    35.2   36.8  15:39   32.6  04:05   30.3    0.0   1.10   0.4    13.0  00:03   SSE
13    35.0   38.6  16:06   30.5  23:11   30.5    0.0   0.29   0.3     8.0  19:40   W
14    36.9   42.0  11:57   30.4  01:07   28.8    0.0   0.41   0.8    10.0  14:00   N
15    39.6   46.7  14:22   35.7  00:42   23.8    0.0   0.43   0.3    14.0  12:40   SSE
16    36.8   39.3  12:56   35.0  23:33   27.9    0.0   0.43   0.1     5.0  17:20   ENE
17    36.6   42.0  16:42   32.8  04:48   27.6    0.0   0.00   0.1     7.0  12:45   NNE
18    37.2   41.0  14:11   34.7  03:34   27.1    0.0   0.01   0.1     5.0  11:35   E
19    38.8   41.1  17:33   36.6  23:55   26.2    0.0   0.19   0.4    11.0  23:40   SSW
---------------------------------------------------------------------------------------
      34.1   48.5     1    19.6     5   582.3    0.0   3.73   0.4    24.0     4    NNE

Max >=  90.0:  0
Max <=  32.0:  2
Min <=  32.0:  11
Min <=   0.0:  0
Max Rain    :  1.10 in ON 02/12/2019
Days of Rain: 11 (> 0.01 in) 8 (> 0.10 in) 1 (> 1.00 in)