NOAA-Style Climate Reports


Report for 2017 April
                   MONTHLY CLIMATOLOGICAL SUMMARY for APR 2017


NAME: CW6259                CITY: Maple Leaf, Seattle   STATE:  Washington         
ELEV: 461 ft    LAT: 47.7 N    LONG: 122.3 W


                   TEMPERATURE (F), RAIN (in), WIND SPEED (mph)

                                         HEAT   COOL         AVG
      MEAN                               DEG    DEG          WIND                  DOM
DAY   TEMP   HIGH  TIME    LOW   TIME    DAYS   DAYS   RAIN  SPEED   HIGH  TIME    DIR
---------------------------------------------------------------------------------------
01    49.2   56.1  14:30   45.5  08:42   14.2    0.0   0.03   0.4    11.0  06:40   ESE
02    45.6   53.4  14:33   40.1  07:21   18.2    0.0   0.16   0.6     9.0  23:15   ENE
03    45.2   55.7  15:21   38.0  02:22   18.1    0.0   0.00   0.6    11.0  13:45   WNW
04    49.5   60.6  15:27   41.6  03:40   13.9    0.0   0.05   1.0    19.0  19:20   NNW
05    48.4   51.8  17:32   46.5  23:53   15.9    0.0   0.60   0.2    11.0  21:55   ESE
06    50.5   60.6  17:10   45.7  01:18   11.9    0.0   0.22   0.8    15.0  15:35   S
07    48.3   56.3  11:53   43.9  23:18   14.9    0.0   0.56   2.3    29.0  14:23   SSW
08    45.4   52.7  16:02   41.6  23:10   17.9    0.0   0.02   1.7    24.0  14:10   SSW
09    47.1   56.3  15:13   37.4  06:47   18.1    0.0   0.00   0.5    18.0  21:55   S
10    45.3   51.9  14:11   41.4  23:57   18.3    0.0   0.46   1.7    24.0  18:05   SSW
11    47.0   56.6  15:13   37.1  06:36   18.2    0.0   0.00   1.1    17.0  17:15   NW
12    50.0   58.5  14:42   44.7  04:43   13.4    0.0   0.98   0.6    17.0  20:16   WSW
13    46.5   55.3  14:59   42.5  06:54   16.1    0.0   0.11   1.5    23.0  15:20   S
14    46.0   54.4  15:21   41.6  04:13   17.0    0.0   0.00   1.6    20.0  13:00   S
15    48.0   60.1  16:30   40.1  02:32   14.9    0.0   0.00   0.7    12.0  17:45   SW
16    52.7   65.8  15:45   39.3  05:11   12.4    0.0   0.00   0.6    10.0  15:45   NNE
17    53.1   62.4  13:18   49.5  23:59    9.0    0.0   0.06   1.2    18.0  15:50   S
18    51.0   62.1  16:41   46.0  23:51   11.0    0.0   0.12   0.7    18.0  12:25   SSE
19    48.1   55.1  18:11   43.1  04:30   15.9    0.0   0.38   0.3    14.0  22:10   ESE
20    50.3   60.8  15:40   44.2  04:54   12.5    0.0   0.01   1.0    16.0  14:35   SSW
21    54.6   66.9  17:01   41.6  05:28   10.8    0.0   0.00   0.8    14.0  21:15   SSE
22    55.7   61.5  10:28   49.0  23:55    9.8    0.0   0.07   1.4    31.0  10:55   S
23    48.3   52.2  13:17   45.4  23:56   16.2    0.0   0.20   0.5    12.0  17:00   SSE
24    49.1   56.3  15:34   43.6  06:23   15.1    0.0   0.01   0.9    13.0  14:55   SW
25    50.5   56.3  14:24   46.2  05:51   13.8    0.0   0.02   0.8    17.0  14:35   S
26    48.1   56.9  12:21   41.8  23:53   15.6    0.0   0.33   1.5    17.0  02:30   SSW
---------------------------------------------------------------------------------------
      49.0   66.9    21    37.1    11   383.0    0.0   4.39   1.0    31.0    22    S

Max >=  90.0:  0
Max <=  32.0:  0
Min <=  32.0:  0
Min <=   0.0:  0
Max Rain    :  0.98 in ON 04/12/2017
Days of Rain: 17 (> 0.01 in) 11 (> 0.10 in) 0 (> 1.00 in)