NOAA-Style Climate Reports


Report for 2017 August
                   MONTHLY CLIMATOLOGICAL SUMMARY for AUG 2017


NAME: CW6259                CITY: Maple Leaf, Seattle   STATE:  Washington         
ELEV: 461 ft    LAT: 47.7 N    LONG: 122.3 W


                   TEMPERATURE (F), RAIN (in), WIND SPEED (mph)

                                         HEAT   COOL         AVG
      MEAN                               DEG    DEG          WIND                  DOM
DAY   TEMP   HIGH  TIME    LOW   TIME    DAYS   DAYS   RAIN  SPEED   HIGH  TIME    DIR
---------------------------------------------------------------------------------------
01    71.8   84.9  16:38   58.5  05:43    0.0    6.7   0.00   0.6    13.0  15:50   NE
02    75.1   87.6  14:48   64.1  03:02    0.0   10.8   0.00   0.5    12.0  13:05   NNE
03    77.9   91.3  15:14   67.1  06:38    0.0   14.2   0.00   0.3     9.0  12:50   N
04    77.1   92.3  16:42   64.2  06:24    0.0   13.2   0.00   0.3     9.0  16:14   W
05    67.3   81.0  16:57   57.2  05:58    0.0    4.1   0.00   0.4     8.0  11:00   WSW
06    67.3   79.2  15:19   57.6  06:17    0.0    3.4   0.00   0.3     9.0  13:30   NNE
07    69.5   83.8  16:31   57.3  06:28    0.0    5.6   0.00   0.4     9.0  13:50   N
08    71.3   85.3  16:18   59.5  05:36    0.0    7.4   0.00   0.3     9.0  14:35   NW
09    73.6   89.9  16:25   61.1  06:32    0.0   10.5   0.00   0.3    10.0  14:15   NNW
10    72.6   87.8  16:30   61.5  06:35    0.0    9.7   0.00   0.4     9.0  11:23   N
11    68.5   81.1  15:45   58.3  06:08    0.0    4.7   0.00   0.6    10.0  11:05   SW
12    62.9   74.6  17:15   56.5  06:43    0.0    0.5   0.01   1.4    15.0  14:15   SW
13    61.0   68.9  16:04   57.1  23:58    2.0    0.0   0.07   0.6    13.0  06:55   NNE
14    61.2   71.3  16:56   53.6  04:43    2.5    0.0   0.00   0.4    10.0  14:40   NNE
15    63.4   77.6  16:19   51.2  05:42    0.6    0.0   0.00   0.5    11.0  13:50   N
16    65.2   80.7  16:54   53.3  06:31    0.0    2.0   0.00   0.4     9.0  15:40   NE
17    64.8   77.0  16:50   57.5  23:55    0.0    2.2   0.00   0.4    10.0  14:40   NE
18    62.8   74.1  14:25   53.4  04:31    1.2    0.0   0.00   0.5    12.0  15:45   NNE
19    63.1   76.4  17:01   53.9  05:50    0.0    0.2   0.00   0.5    10.0  14:14   NNE
---------------------------------------------------------------------------------------
      68.2   92.3     4    51.2    15     6.4   95.2   0.08   0.5    15.0    12    NNE

Max >=  90.0:  2
Max <=  32.0:  0
Min <=  32.0:  0
Min <=   0.0:  0
Max Rain    :  0.07 in ON 08/13/2017
Days of Rain: 1 (> 0.01 in) 0 (> 0.10 in) 0 (> 1.00 in)