NOAA-Style Climate Reports


Report for 2018 October
                   MONTHLY CLIMATOLOGICAL SUMMARY for OCT 2018


NAME: CW6259                CITY: Maple Leaf, Seattle   STATE:  Washington         
ELEV: 461 ft    LAT: 47.7 N    LONG: 122.3 W


                   TEMPERATURE (F), RAIN (in), WIND SPEED (mph)

                                         HEAT   COOL         AVG
      MEAN                               DEG    DEG          WIND                  DOM
DAY   TEMP   HIGH  TIME    LOW   TIME    DAYS   DAYS   RAIN  SPEED   HIGH  TIME    DIR
---------------------------------------------------------------------------------------
01    57.8   59.9  06:46   55.3  23:41    7.4    0.0   0.31   0.3    14.0  06:55   SE
02    53.1   63.2  14:52   44.0  23:45   11.4    0.0   0.02   1.1    19.0  10:35   SW
03    46.7   56.1  14:33   39.2  07:39   17.4    0.0   0.01   0.4     8.0  17:30   N
04    50.6   61.0  16:27   44.2  05:57   12.4    0.0   0.00   0.4    10.0  12:20   NNW
05    47.3   49.3  11:39   44.6  02:15   18.1    0.0   0.38   0.2    10.0  15:55   E
06    49.7   57.9  15:03   46.5  23:29   12.8    0.0   0.01   0.3    11.0  03:25   NE
07    49.9   54.9  15:17   46.0  03:52   14.5    0.0   0.04   0.1     8.0  16:35   E
08    52.5   54.7  15:22   50.9  05:09   12.2    0.0   0.30   0.0     4.0  14:55   SW
09    52.3   57.2  17:14   50.6  21:41   11.1    0.0   0.16   0.8    13.0  07:40   NNE
10    53.6   63.2  14:30   48.4  23:56    9.2    0.0   0.00   0.2     9.0  15:08   NE
11    51.0   62.9  16:42   45.6  07:38   10.8    0.0   0.01   0.1     9.0  16:55   NE
12    51.1   62.5  14:22   45.6  05:46   11.0    0.0   0.01   0.3     9.0  14:55   W
13    52.2   62.1  15:06   45.7  01:15   11.1    0.0   0.00   0.9    13.0  18:30   NNE
14    52.6   66.5  14:42   43.0  07:59   10.2    0.0   0.00   0.2     7.0  13:40   NNW
15    52.9   65.7  16:35   42.5  07:14   10.9    0.0   0.00   0.3     7.0  11:19   NNW
16    55.8   72.6  16:27   45.0  07:02    6.2    0.0   0.00   0.2     7.0  13:10   NW
17    58.0   72.3  16:32   45.4  07:32    6.1    0.0   0.00   0.1     4.0  11:35   WNW
---------------------------------------------------------------------------------------
      52.2   72.6    16    39.2     3   192.8    0.0   1.25   0.3    19.0     2    NNE

Max >=  90.0:  0
Max <=  32.0:  0
Min <=  32.0:  0
Min <=   0.0:  0
Max Rain    :  0.38 in ON 10/05/2018
Days of Rain: 6 (> 0.01 in) 4 (> 0.10 in) 0 (> 1.00 in)