NOAA-Style Climate Reports


Report for 2020 March
                   MONTHLY CLIMATOLOGICAL SUMMARY for MAR 2020


NAME: CW6259                CITY: Maple Leaf, Seattle   STATE:  Washington         
ELEV: 461 ft    LAT: 47.7 N    LONG: 122.3 W


                   TEMPERATURE (F), RAIN (in), WIND SPEED (mph)

                                         HEAT   COOL         AVG
      MEAN                               DEG    DEG          WIND                  DOM
DAY   TEMP   HIGH  TIME    LOW   TIME    DAYS   DAYS   RAIN  SPEED   HIGH  TIME    DIR
---------------------------------------------------------------------------------------
01    40.0   46.6  13:00   34.5  00:36   24.5    0.0   0.03   0.2     8.0  13:05   E
02    42.7   46.4  23:40   39.0  00:00   22.3    0.0   0.15   0.8    13.0  16:40   S
03    46.6   50.3  14:56   44.8  09:15   17.5    0.0   0.12   2.1    27.0  16:25   SSW
04    45.4   53.8  13:44   39.8  07:12   18.2    0.0   0.00   0.4    11.0  12:30   E
05    45.5   55.6  14:27   38.3  04:14   18.1    0.0   0.22   1.0    16.0  17:55   SSW
06    39.4   41.2  15:35   37.1  06:22   25.9    0.0   0.54   0.0     4.0  01:45   ENE
07    39.7   46.2  16:47   35.3  22:58   24.2    0.0   0.10   0.5    15.0  10:00   SW
08    38.7   47.0  15:42   35.0  03:56   24.0    0.0   0.02   0.2     8.0  07:55   NW
09    39.3   52.2  16:24   29.5  07:17   24.1    0.0   0.01   0.3     9.0  13:20   NW
10    42.3   48.6  14:56   33.6  02:23   23.9    0.0   0.00   1.2    23.0  19:45   SSW
11    45.2   52.8  16:23   40.3  23:10   18.5    0.0   0.02   0.7    12.0  10:10   NW
12    42.0   50.4  17:54   37.6  04:47   21.0    0.0   0.11   0.2     7.0  18:40   NNE
13    36.9   40.6  01:14   34.7  23:36   27.4    0.0   0.21   1.0    14.0  15:25   WNW
14    36.6   43.5  14:11   32.7  23:44   26.9    0.0   0.00   2.3    19.0  17:05   WNW
15    37.2   46.1  16:40   30.2  06:34   26.9    0.0   0.00   1.6    16.0  13:35   NW
16    43.0   54.4  14:48   32.6  06:47   21.5    0.0   0.00   0.7    14.0  15:35   N
17    43.2   54.2  16:53   32.2  07:28   21.8    0.0   0.00   0.4    10.0  14:40   NW
18    44.7   58.5  16:19   34.4  07:03   18.5    0.0   0.00   0.4    10.0  11:30   W
19    47.0   62.2  17:37   35.6  07:20   16.1    0.0   0.00   0.3     9.0  14:25   WNW
20    49.2   62.0  16:59   39.4  06:37   14.3    0.0   0.00   0.5    10.0  14:40   W
21    46.3   57.9  16:02   39.0  07:33   16.5    0.0   0.00   0.3    10.0  17:05   N
22    45.7   56.6  13:27   37.5  06:40   18.0    0.0   0.00   1.1    23.0  20:00   WSW
23    45.0   51.8  16:14   41.4  23:26   18.4    0.0   0.03   1.5    16.0  00:35   SSW
24    42.9   50.5  16:42   39.4  23:25   20.0    0.0   0.28   0.8    18.0  14:40   SSW
25    42.2   51.9  16:18   37.1  06:24   20.5    0.0   0.21   0.5    13.0  15:04   SW
26    42.7   47.5  13:46   38.4  00:16   22.0    0.0   0.01   0.7    13.0  18:55   SSW
27    45.2   48.7  18:03   41.5  07:18   19.9    0.0   0.03   0.6    12.0  23:20   S
28    48.3   53.7  16:01   44.9  07:49   15.7    0.0   0.51   1.3    19.0  11:25   S
29    48.5   55.4  14:51   44.1  07:16   15.2    0.0   0.21   1.7    20.0  14:40   SSW
30    43.7   48.3  12:14   38.9  22:54   21.4    0.0   0.46   2.2    24.0  11:10   SSW
31    40.8   50.2  13:41   36.9  20:03   21.4    0.0   0.16   1.1    14.0  05:20   SSW
---------------------------------------------------------------------------------------
      43.1   62.2    19    29.5     9   644.6    0.0   3.43   0.9    27.0     3    SSW

Max >=  90.0:  0
Max <=  32.0:  0
Min <=  32.0:  2
Min <=   0.0:  0
Max Rain    :  0.54 in ON 03/06/2020
Days of Rain: 18 (> 0.01 in) 13 (> 0.10 in) 0 (> 1.00 in)