NOAA-Style Climate Reports


Report for 2018 July
                   MONTHLY CLIMATOLOGICAL SUMMARY for JUL 2018


NAME: CW6259                CITY: Maple Leaf, Seattle   STATE:  Washington         
ELEV: 461 ft    LAT: 47.7 N    LONG: 122.3 W


                   TEMPERATURE (F), RAIN (in), WIND SPEED (mph)

                                         HEAT   COOL         AVG
      MEAN                               DEG    DEG          WIND                  DOM
DAY   TEMP   HIGH  TIME    LOW   TIME    DAYS   DAYS   RAIN  SPEED   HIGH  TIME    DIR
---------------------------------------------------------------------------------------
01    57.8   62.8  14:00   54.3  23:44    6.5    0.0   0.02   0.6     9.0  18:20   SSW
02    58.4   67.7  19:11   51.5  05:55    5.4    0.0   0.00   0.4     8.0  10:50   ENE
03    60.9   73.0  16:35   49.9  05:55    3.5    0.0   0.00   0.7    11.0  14:30   WSW
04    66.2   78.2  13:34   54.6  04:35    0.0    1.4   0.00   0.6     9.0  11:15   NW
05    70.1   84.6  16:36   57.2  05:40    0.0    5.9   0.00   0.9    11.0  12:15   SW
06    67.4   78.5  15:56   59.6  23:58    0.0    4.0   0.00   2.2    23.0  19:50   SW
07    64.3   75.2  15:51   57.7  03:37    0.0    1.4   0.00   1.0    14.0  06:45   SW
08    65.7   77.8  16:38   53.3  05:07    0.0    0.6   0.00   0.7    11.0  16:45   NNW
09    63.7   74.7  14:40   56.2  06:01    0.0    0.4   0.00   1.0    14.0  13:55   WSW
10    63.4   73.7  16:42   56.4  05:15    0.0    0.0   0.00   0.5    11.0  19:05   ESE
11    66.3   78.7  16:00   54.2  05:31    0.0    1.4   0.00   0.8    14.0  15:30   WNW
12    71.8   86.4  16:23   57.4  05:44    0.0    6.9   0.00   0.6    13.0  15:10   WNW
13    70.4   83.2  16:47   58.2  05:26    0.0    5.7   0.00   0.9    11.0  08:40   NW
14    70.4   85.1  16:08   56.7  04:55    0.0    5.9   0.00   0.6    12.0  12:25   NW
15    75.1   90.6  16:23   61.1  05:33    0.0   10.8   0.00   0.7    12.0  12:45   NNE
16    75.1   89.4  16:08   60.8  05:53    0.0   10.1   0.00   0.7    13.0  14:10   N
---------------------------------------------------------------------------------------
      66.7   90.6    15    49.9     3    15.4   54.7   0.02   0.8    23.0     6    W

Max >=  90.0:  1
Max <=  32.0:  0
Min <=  32.0:  0
Min <=   0.0:  0
Max Rain    :  0.02 in ON 07/01/2018
Days of Rain: 1 (> 0.01 in) 0 (> 0.10 in) 0 (> 1.00 in)