NOAA-Style Climate Reports


Report for 2019 September
                   MONTHLY CLIMATOLOGICAL SUMMARY for SEP 2019


NAME: CW6259                CITY: Maple Leaf, Seattle   STATE:  Washington         
ELEV: 461 ft    LAT: 47.7 N    LONG: 122.3 W


                   TEMPERATURE (F), RAIN (in), WIND SPEED (mph)

                                         HEAT   COOL         AVG
      MEAN                               DEG    DEG          WIND                  DOM
DAY   TEMP   HIGH  TIME    LOW   TIME    DAYS   DAYS   RAIN  SPEED   HIGH  TIME    DIR
---------------------------------------------------------------------------------------
01    67.5   80.8  16:39   60.7  06:18    0.0    5.8   0.00   0.5    10.0  13:55   WSW
02    65.8   77.3  16:11   57.3  06:54    0.0    2.3   0.00   0.4    10.0  12:08   NW
03    66.8   80.4  16:12   56.9  06:56    0.0    3.7   0.00   0.4    11.0  15:05   NNW
04    63.9   75.6  16:08   57.3  02:09    0.0    1.4   0.00   0.3    10.0  13:40   NNW
05    66.1   78.2  15:19   54.1  06:18    0.0    1.1   0.00   0.3    10.0  14:20   N
06    66.9   79.2  15:14   59.4  06:43    0.0    4.3   0.00   1.0    15.0  18:05   WSW
07    62.3   66.1  17:50   58.8  21:51    2.6    0.0   0.57   0.4    10.0  19:50   SW
08    60.8   68.3  14:41   57.3  01:45    2.2    0.0   0.08   0.3    10.0  17:20   S
09    60.3   64.7  16:46   57.5  23:43    3.9    0.0   0.08   0.6    12.0  14:20   SSW
10    61.2   71.6  16:34   56.7  23:58    0.9    0.0   0.41   0.3     9.0  13:45   WSW
11    62.0   73.9  16:57   54.4  02:25    0.8    0.0   0.00   0.3    11.0  14:55   SW
12    65.3   77.7  14:03   56.0  04:39    0.0    1.8   0.12   1.0    17.0  14:50   SSW
13    63.1   69.0  14:01   59.4  06:36    0.8    0.0   0.00   0.8    14.0  12:40   SSW
14    61.6   64.6  13:56   58.2  21:22    3.6    0.0   0.12   0.7    19.0  20:10   S
15    57.3   58.3  00:47   54.8  22:30    8.5    0.0   0.60   0.5    11.0  03:50   SSE
16    61.1   70.2  16:27   52.8  06:00    3.5    0.0   0.00   0.8    13.0  13:25   S
17    56.4   60.1  13:11   53.9  23:55    8.0    0.0   0.28   0.2    14.0  12:55   ESE
18    57.5   66.6  15:31   53.3  00:32    5.1    0.0   0.10   0.3     9.0  14:50   WNW
19    59.1   70.7  16:00   51.2  02:46    4.1    0.0   0.02   0.2    10.0  14:15   W
---------------------------------------------------------------------------------------
      62.4   80.8     1    51.2    19    43.8   20.4   2.38   0.5    19.0    14    SSW

Max >=  90.0:  0
Max <=  32.0:  0
Min <=  32.0:  0
Min <=   0.0:  0
Max Rain    :  0.60 in ON 09/15/2019
Days of Rain: 10 (> 0.01 in) 7 (> 0.10 in) 0 (> 1.00 in)