NOAA-Style Climate Reports


Report for 2019 May
                   MONTHLY CLIMATOLOGICAL SUMMARY for MAY 2019


NAME: CW6259                CITY: Maple Leaf, Seattle   STATE:  Washington         
ELEV: 461 ft    LAT: 47.7 N    LONG: 122.3 W


                   TEMPERATURE (F), RAIN (in), WIND SPEED (mph)

                                         HEAT   COOL         AVG
      MEAN                               DEG    DEG          WIND                  DOM
DAY   TEMP   HIGH  TIME    LOW   TIME    DAYS   DAYS   RAIN  SPEED   HIGH  TIME    DIR
---------------------------------------------------------------------------------------
01    52.3   67.0  16:14   42.6  05:26   10.2    0.0   0.00   1.5    15.0  17:05   S
02    51.6   61.8  16:50   45.1  05:46   11.6    0.0   0.00   0.5    11.0  08:00   S
03    52.0   63.0  16:22   45.8  02:28   10.6    0.0   0.00   0.7    10.0  16:30   WNW
04    55.3   68.6  15:27   43.5  05:09    9.0    0.0   0.00   0.7    15.0  13:54   NW
05    57.8   68.7  15:06   47.3  06:14    7.0    0.0   0.00   1.0    13.0  17:40   WNW
06    60.9   75.4  15:16   47.7  05:44    3.4    0.0   0.00   0.8    14.0  18:09   NNW
07    60.2   72.3  15:55   50.1  04:57    3.8    0.0   0.00   1.1    15.0  10:40   NNE
08    61.1   75.6  16:19   49.6  06:12    2.4    0.0   0.00   1.0    14.0  17:25   NNW
09    66.6   80.1  14:37   52.5  06:17    0.0    1.3   0.00   0.6    11.0  16:55   NNW
10    69.2   85.9  15:58   52.7  05:49    0.0    4.3   0.00   0.5    10.0  11:20   NNW
11    67.0   84.4  16:26   52.7  23:55    0.0    3.6   0.00   1.0    11.0  16:40   SW
12    55.2   65.6  16:45   49.6  06:37    7.4    0.0   0.00   1.0    11.0  12:20   SW
13    54.2   66.5  17:02   46.2  05:18    8.6    0.0   0.00   0.9    11.0  08:10   SSW
14    53.6   60.1  15:57   49.7  01:41   10.1    0.0   0.13   1.0    13.0  16:55   S
15    57.2   69.8  14:24   49.4  05:42    5.4    0.0   0.06   0.8    13.0  09:05   NNW
16    56.4   62.3  13:31   50.4  05:27    8.6    0.0   0.20   0.4     9.0  21:10   W
17    55.0   65.8  15:58   49.6  07:41    7.3    0.0   0.95   2.5    19.0  12:05   S
18    59.3   68.6  12:45   49.0  05:43    6.2    0.0   0.00   1.0    13.0  15:25   SSE
19    60.3   71.5  15:17   51.8  06:03    3.3    0.0   0.02   0.6    11.0  15:25   WSW
20    53.1   56.9  14:10   48.2  23:44   12.4    0.0   0.25   0.7    12.0  14:15   S
21    54.0   63.7  15:39   47.5  03:15    9.4    0.0   0.00   0.4     8.0  14:50   N
22    62.5   75.7  15:55   51.0  05:14    1.7    0.0   0.00   0.6    12.0  14:25   WSW
23    64.3   77.4  16:20   52.6  05:33    0.0    0.0   0.00   0.8    12.0  23:30   WSW
---------------------------------------------------------------------------------------
      58.2   85.9    10    42.6     1   138.5    9.2   1.61   0.9    19.0    17    SSW

Max >=  90.0:  0
Max <=  32.0:  0
Min <=  32.0:  0
Min <=   0.0:  0
Max Rain    :  0.95 in ON 05/17/2019
Days of Rain: 6 (> 0.01 in) 4 (> 0.10 in) 0 (> 1.00 in)