NOAA-Style Climate Reports


Report for 2017 November
                   MONTHLY CLIMATOLOGICAL SUMMARY for NOV 2017


NAME: CW6259                CITY: Maple Leaf, Seattle   STATE:  Washington         
ELEV: 461 ft    LAT: 47.7 N    LONG: 122.3 W


                   TEMPERATURE (F), RAIN (in), WIND SPEED (mph)

                                         HEAT   COOL         AVG
      MEAN                               DEG    DEG          WIND                  DOM
DAY   TEMP   HIGH  TIME    LOW   TIME    DAYS   DAYS   RAIN  SPEED   HIGH  TIME    DIR
---------------------------------------------------------------------------------------
01    49.4   54.6  13:38   47.3  04:48   14.1    0.0   0.05   0.3    12.0  23:40   S
02    45.4   49.2  15:28   40.4  22:30   20.2    0.0   0.14   1.3    18.0  14:45   S
03    34.6   41.6  01:24   31.3  23:40   28.6    0.0   0.57   0.4    11.0  15:42   N
04    35.2   38.6  14:55   29.8  02:45   30.8    0.0   0.39   0.1     7.0  16:45   ENE
05    35.9   37.6  20:19   33.1  07:01   29.7    0.0   0.45   1.0    15.0  11:15   WNW
06    36.9   37.4  23:04   36.0  23:55   28.3    0.0   0.00   0.0     2.0  23:04   ENE
07    40.8   46.1  14:49   34.3  01:35   24.8    0.0   0.00   0.1    10.0  07:25   E
08    46.6   54.3  12:15   41.7  06:46   17.0    0.0   0.11   0.6    13.0  16:25   ENE
09    45.2   47.9  09:39   42.1  04:22   20.0    0.0   0.30   0.1    10.0  13:40   SE
10    43.7   50.9  14:17   39.9  23:35   19.6    0.0   0.01   0.1     5.0  12:25   NE
11    44.4   48.4  14:42   39.5  00:26   21.0    0.0   0.12   0.1     7.0  16:15   ENE
12    48.4   54.4  12:53   46.2  20:56   14.7    0.0   0.63   0.1     7.0  12:10   ENE
13    47.5   52.1  12:58   44.9  17:09   16.5    0.0   0.41   3.0    25.0  02:25   S
14    48.7   52.7  19:22   43.9  05:03   16.7    0.0   0.06   2.0    21.0  22:15   SSE
15    45.4   50.0  01:42   43.4  23:35   18.3    0.0   0.58   0.9    16.0  01:50   S
16    42.7   44.2  13:12   41.7  21:44   22.0    0.0   0.04   1.3    18.0  09:45   SSW
---------------------------------------------------------------------------------------
      43.2   54.6     1    29.8     4   342.2    0.0   3.86   0.7    25.0    13    ESE

Max >=  90.0:  0
Max <=  32.0:  0
Min <=  32.0:  2
Min <=   0.0:  0
Max Rain    :  0.63 in ON 11/12/2017
Days of Rain: 13 (> 0.01 in) 10 (> 0.10 in) 0 (> 1.00 in)