NOAA-Style Climate Reports


Report for 2019 November
                   MONTHLY CLIMATOLOGICAL SUMMARY for NOV 2019


NAME: CW6259                CITY: Maple Leaf, Seattle   STATE:  Washington         
ELEV: 461 ft    LAT: 47.7 N    LONG: 122.3 W


                   TEMPERATURE (F), RAIN (in), WIND SPEED (mph)

                                         HEAT   COOL         AVG
      MEAN                               DEG    DEG          WIND                  DOM
DAY   TEMP   HIGH  TIME    LOW   TIME    DAYS   DAYS   RAIN  SPEED   HIGH  TIME    DIR
---------------------------------------------------------------------------------------
01    44.1   54.9  14:35   36.4  07:59   19.3    0.0   0.00   0.3     9.0  11:35   NNW
02    46.3   58.2  13:43   39.6  07:48   16.1    0.0   0.00   0.3     9.0  14:14   NW
03    46.3   56.0  13:09   39.7  06:29   17.1    0.0   0.00   0.2     8.0  11:30   WNW
04    44.1   44.2  23:09   43.8  23:55   21.0    0.0   0.00   0.0     1.0  23:25   WNW
05    44.7   55.7  13:32   36.4  07:13   18.9    0.0   0.01   0.3    10.0  14:05   NNW
06    47.5   56.8  13:24   43.3  23:47   15.0    0.0   0.00   0.3     8.0  09:25   NNW
07    46.6   56.5  15:47   40.2  04:41   16.6    0.0   0.01   0.0     4.0  14:04   NNW
08    48.1   62.1  14:16   40.1  06:42   13.9    0.0   0.00   0.1     8.0  14:30   SE
09    49.0   50.5  15:16   47.5  06:10   16.0    0.0   0.16   0.1     6.0  12:45   SE
10    49.8   52.3  13:28   47.1  20:07   15.3    0.0   0.00   0.1     9.0  14:35   NW
11    49.5   59.0  13:19   44.6  07:14   13.2    0.0   0.00   0.0     4.0  00:20   NNW
12    48.1   49.9  13:41   45.5  07:15   17.3    0.0   0.01   0.1     8.0  00:55   SE
---------------------------------------------------------------------------------------
      47.0   62.1     8    36.4     1   199.9    0.0   0.19   0.2    10.0     5    NW

Max >=  90.0:  0
Max <=  32.0:  0
Min <=  32.0:  0
Min <=   0.0:  0
Max Rain    :  0.16 in ON 11/09/2019
Days of Rain: 1 (> 0.01 in) 1 (> 0.10 in) 0 (> 1.00 in)